 + (-4 - 2)
-5
(-6 + 4 - (1 + -6)) + 0
3
-7 + 1 - -3 - 0
-3
(-5 + 0 + 0 - 1) + 0
-6
What is -4 + -8 + (19 - 6) - 5?
-4
Evaluate 8 + -5 + 7 - 15.
-5
Evaluate -5 + 1 + (-4 - (4 + -9)).
-3
Calculate (6 + 2 - (1 + 1)) + 0.
6
Evaluate 0 + 4 - (8 + 7 + -4).
-7
What is the value of -3 + 4 + (0 - -1)?
2
11 + (-26 - -4) + 7
-4
1 - 1 - (5 - 0)
-5
-1 + (4 - (-3 + 5))
1
What is the value of 9 + -13 + -10 - (-1 + -5)?
-8
What is (35 - 38) + (-2 - 2)?
-7
Evaluate -1 + -1 - (6 - 7).
-1
What is (16 + 8 - 18) + (-4 - 1)?
1
What is (5 - 8 - -6) + 7?
10
6 - 6 - (-2 + 3)
-1
2 + 7 + -6 + 1
4
What is the value of -3 + -2 + (10 - 1)?
4
Calculate -6 + 1 - (-4 - (-2 + -1)).
-4
What is -2 + 1 + 2 + -5 + 2?
-2
-10 - -2 - -18 - 14
-4
Evaluate -2 - (-7 + 0 + 2).
3
-1 + -1 + 3 + -8 + 4
-3
Calculate 0 - (-5 + 5 + -2).
2
3 + 2 - (18 - 8)
-5
Calculate 1 + -7 - (6 - 8).
-4
8 + -14 + 8 + -3
-1
What is the value of (-3 - (4 + -2)) + -1 - -11?
5
1 + -3 + (9 + 0 - 5)
2
What is -17 - (-7 + 3 + 8 - 12)?
-9
Evaluate (-3 - (-2 - (3 + -6))) + 3.
-1
Evaluate -10 + 9 + -6 + 2.
-5
What is (-5 + 7 - 4) + -9 + 5?
-6
Calculate -1 + -2 + 2 + 8 + -2.
5
Calculate 12 + (-6 - 4) - (-5 - 1).
8
What is the value of -6 + 1 + (-3 - (-8 - -2))?
-2
What is the value of -3 - ((3 - 9) + 2) - 4?
-3
Calculate 4 + (-4 - 1) - -1.
0
Evaluate -8 - -15 - (2 - 3).
8
2 - (-1 + -4 - -3)
4
Calculate 4 + (4 - 13) - (-10 + 6).
-1
What is the value of 1 - (-4 + -2 - (2 + -5))?
4
(0 - 1) + -20 + 22
1
Evaluate (2 - 6) + 2 + -3 + 6.
1
What is the value of (-2 - 15) + 5 + 9?
-3
Evaluate 6 + 2 + -7 + 0.
1
-29 - -34 - (-3 + 1)
7
Calculate -2 - (-3 + -2 + 3) - -2.
2
Evaluate 8 - (-13 - (-32 - -9)).
-2
Evaluate (-7 - (-5 + 0)) + 2 + -1.
-1
4 - 1 - (5 + 0 + 0)
-2
0 - 5 - (4 - 4)
-5
What is the value of 3 - (5 - 2) - 1 - -2?
1
Evaluate -1 + -8 + 7 + 0.
-2
Evaluate -2 + (-1 - 0 - (-4 + 6)).
-5
What is -2 - -1 - ((3 - 8) + -1)?
5
What is 2 + 9 - (19 + -3)?
-5
21 + -11 - (5 - 0)
5
What is the value of 2 - (7 - -11 - 2) - -6?
-8
Calculate -6 + (9 - (2 - -4)).
-3
Calculate 2 + (5 - 6) - 6.
-5
What is the value of (1 - 0) + -3 + 10 + -5?
3
4 - (-3 + 3 + 3)
1
What is 0 + (2 - (3 + 3 + -1))?
-3
What is the value of -2 + -6 + -1 + 3?
-6
Evaluate -6 - ((-4 - -6) + -6).
-2
What is (-6 - (-17 - -8)) + (1 - 2)?
2
What is the value of -6 + 1 + (-10 - -22)?
7
What is the value of 2 - 9 - (1 + -1 + -4)?
-3
-1 - 5 - (13 + -7 + -6)
-6
Evaluate 3 + (1 + 1 - 1).
4
Calculate 4 - (4 - 4 - -7).
-3
Evaluate -42 + 30 + (-3 - -11).
-4
What is 17 + -12 - (-1 - -7)?
-1
0 - (-5 - (-11 + 5))
-1
(7 + -4 - 3) + -7 - -3
-4
What is the value of 15 + -5 + -3 + -1 + -1?
5
What is the value of 12 + (-5 - (0 + -5 + 5))?
7
5 + 1 + 1 + -5 + -2
0
Calculate 4 + (4 - (2 - (-5 + -5))).
-4
6 + 4 + -1 + (0 - -1)
10
What is the value of 3 - (5 + 1 + -6 - -6)?
-3
What is the value of 1 + 3 - 8 - -3?
-1
Calculate 8 - 8 - (4 - 2 - 2).
0
(5 - -1 - 2) + 0
4
What is 2 - (2 - (-3 + 4))?
1
Calculate 5 - (-10 + (9 - -13)).
-7
What is -10 - -8 - -6 - (-2 + 3)?
3
Calculate 6 - (4 - ((6 - 13) + 8)).
3
What is 5 + -18 - -3 - -5?
-5
What is the value of 22 + -10 + -1 + -6?
5
What is 2 + 0 + (15 - 10) + -6?
1
Calculate 0 - (-2 - 0 - (24 + -22)).
4
What is 9 + 0 - (7 - (-6 + 7))?
3
4 - -1 - (0 - -4 - 6)
7
Evaluate 3 + -7 + -1 + 0.
-5
What is (2 - 6) + 1 - (-2 + -1)?
0
-11 + 3 - -5 - (5 + -12)
4
What is the value of 4 + (-2 - 1) - -3?
4
What is the value of 3 + (5 - (-2 + 4)) + -3?
3
What is 1 + 11 - (13 + (0 - 9))?
8
Calculate (1 - 2) + 11 + -11.
-1
What is the value of (1 - 3) + 2 + -2?
-2
Evaluate -17 - -18 - (7 - 1).
-5
What is the value of 11 - 10 - (-2 - -4) - 1?
-2
Evaluate 0 - (-1 + 6 - 1).
-4
Calculate (-6 - -12 - 1) + -6.
-1
What is 3 - (2 - 2 - (2 - 4))?
1
(1 - 1 - 2) + 6 + 1
5
What is the value of (6 - 17 - -9) + 9?
7
Evaluate 18 + 3 + -11 - (2 + 3).
5
Evaluate (-1 - 4) + (-2 - -11).
4
14 + -11 + -6 + 10
7
What is the value of 12 - (1 + -2 + 13)?
0
-3 - (-3 - (-7 - -6))
-1
What is the value of -2 - -8 - 10 - 3?
-7
Calculate 2 + -12 + 14 + -12.
-8
-1 + 0 - (-3 + (-2 - -1))
3
Calculate -12 + 13 - (1 - 3) - -1.
4
What is 4 + -3 - 1 - (19 - 13)?
-6
-3 - (0 + -3 + 3 + 2)
-5
What is 2 + -15 + 6 + 12?
5
What is (5 - 11) + 3 - 0?
-3
Evaluate -2 + (-4 - -6) + -5.
-5
What is the value of (-156 - -158) + (0 - 4)?
-2
3 + -4 + -8 + 12
3
What is the value of (-2 - 3) + (-5 - -19 - 0)?
9
What is (-4 - -5) + (5 + -6 - -5)?
5
What is 4 - (-2 - (-2 - -2)) - 2?
4
(2 - 0 - 5) + 6
3
What is the value of -6 - (-5 + -2 + 0) - -1?
2
What is 5 + 3 + -13 + 9?
4
What is -1 + 3 - (14 + -13)?
1
What is the value of -9 - (-2 - 10 - -8)?
-5
0 + (-4 - 4) + 4 - -1
-3
What is the value of (-5 - -3) + 1 + 3?
2
-4 + (0 + 0 - (12 - 11))
-5
40 + -39 - (0 + 5)
-4
-4 + 1 - 3 - -4
-2
What is the value of 2 + -5 + 4 + 2 + 2?
5
Evaluate (-1 - -7) + 10 + -6 + -5.
5
10 - (-10 + -7 + 19)
8
((-3 - -3) + 1 - 2) + -3
-4
Evaluate (2 - 11 - -4) + -1.
-6
Evaluate -6 - 1 - (0 - 4).
-3
What is the value of (-3 - 0) + (46 - 52)?
-9
Evaluate (-23 - -12) + 9 + (-5 - -2).
-5
Evaluate (7 - 4) + (5 - 3) + -6.
-1
Evaluate 1 + -3 + 0 - (-1 + 2).
-3
3 + (4 + -1 - (17 - 9))
-2
What is (-40 - -49) + -8 + 0?
1
(-1 - 2) + (-10 - -5) + 7
-1
What is 1 - (-2 - (3 + -1))?
5
Evaluate 5 + (-6 - (-4 + 1)).
2
1 - (-3 + 3 + 1 - -2)
-2
-1 + -1 + 0 - (45 + -53)
6
What is (-5 - -27) + -11 + -3?
8
0 + (1 - (-8 + 5))
4
Calculate 5 - (-2 - -2 - -3) - 4.
-2
44 + -29 - (-1 - -13)
3
Evaluate (-1 - (2 + 3)) + 1.
-5
What is the value of -2 - (-27 - -18 - (-4 - 1))?
2
What is the value of 0 + 1 - (41 + -29)?
-11
What is the value of 12 + (6 - (1 + 11))?
6
Evaluate 2 + (-4 - -2) - (1 - 0).
-1
What is the value of (2 - 1) + (-1 - -3)?
3
Calculate (-7 + 17 - 7) + -6.
-3
What is 2 - (-4 + 3) - 2?
1
Evaluate (0 - 3) + (-4 - -2).
-5
-1 + 1 + -9 + (-11 - -13)
-7
Evaluate (-10 - (1 + -6)) + 9.
4
Evaluate (6 - (-4 + 4)) + -9 + -3.
-6
What is the value of (-4 - -1) + (4 + -5 - -9)?
5
Calculate 9 - 0 - (-58 + 64).
3
Calculate -5 - -2 - (-3 + -2 + 8).
-6
What is 8 + ((-5 - -1) + 2 - 2)?
4
11 + -5 - (13 - (-3 - -3))
-7
What is the value of -2 + (-4 - 5 - -9)?
-2
Calculate (1 - (0 + 0 + -2)) + -3.
0
Evaluate (-1 - -2) + 4 + -7 + 8.
6
Evaluate 8 + 1 + (-8 - -2) - 3.
0
What is 5 - (-7 - 1 - -11)?
2
(1 - (2 - 4)) + 0
3
Evaluate -5 + (-9 - (3 - 5) - -6).
-6
(-1 - (3 + 3)) + 5
-2
5 + 1 + (-5 + 3 - -3)
7
0 + (0 - 3) + 0
-3
What is -4 - (12 + (-3 - 3)) - -3?
-7
What is (-4 - (4 - -3)) + 8?
-3
What is 14 - 17 - (0 - 3)?
0
-3 + 2 + 1 - (13 - 14)
1
Evaluate 4 - (6 + -1) - (3 + 0).
-4
Evaluate 0 + 5 + 2 + -6.
1
Evaluate -7 + 5 + 6 + -2.
2
Evaluate -6 - 2 - (-5 + -3).
0
Evaluate 2 - ((0 - 1) + 7).
-4
Evaluate -39 + 37 + (0 - -1) + 4.
3
Calculate 1 + -6 - -8 - (-3 - -2).
4
What is the value of -4 - (-2 - 1) - (-2 + 0)?
1
Evaluate -8 - -8 - (2 + -7).
5
Calculate -9 + (2 - 1) + 2 - -3.
-3
0 + -3 + (2 + 2 - 4)
-3
Calculate -2 + (1 - 5) + -3 + 9.
0
What is the value of 3 + 2 - (8 - 3)?
0
What is the value of -3 + 5 + 1 + -7?
-4
What is the value of -4 - (-3 + (3 - (3 + 0)))?
-1
What is the value of -3 + (-3 + -1 - (25 + -37))?
5
Evaluate -5 + (1 - 6) + (9 - -5).
4
Evaluate 1 + 3 + (-4 - 2) - 3.
-5
What is the value of 0 + (-5 - (6 - 17))?
6
What is (80 - 91) + 15 + -2?
2
What is 1 - (-5 + 2 + 0)?
4
Evaluate (2 - -2 - -2) + 1 + -3.
4
4 - 4 - (1 + -1)
0
Evaluate 6 - (-5 + 12 + -1).
0
What is the value of (3 - 1) + -3 + -2?
-3
Evaluate 40 + -27 + (0 - 5).
8
0 + (4 + -6 - -3) + -2
-1
Calculate (-3 - (7 + -3)) + 6.
-1
What is -5 - (-1 + (-5 - 3))?
4
Calculate (-2 - 1) + (8 - 5).
0
(3 - (-14 + 6)) + -9
2
(-4 - -7) + (-7 - (6 + -15))
5
-13 - -9 - (-4 - -3)
-3
What is 5 + 4 - (9 - 3)?
3
0 + -6 + 6 + -4
-4
45 + -45 + (1 - 4)
-3
Calculate -2 - -2 - (7 + -10).
3
Calculate (-12 - -2) + 5 - -9.
4
What is 4 + 0 + -3 + -12 + 4?
-7
-2 + (9 - (-5 + 5))
7
What is (0 - 1) + (-16 - -23)?
6
What is the value of (4 - 4) + -5 + 8?
3
What is the value of 7 - 1 - (29 + -24)?
1
Evaluate -4 - (-3 - 1 - -1) - 2.
-3
What is 3 - ((5 - (-1 + 4)) + -3)?
4
Calculate 3 - 2 - (-1 + 1 - 2).
3
Evaluate -10 - ((-9 - -3) + 1).
-5
Calculate -9 + 3 + -9 + 13.
-2
What is 0 - (1 + (2 - (-6 + 3)))?
-6
What is 10 + (8 + -5 - 8)?
5
What is the value of 0 + 0 - (-9 - -13)?
-4
4 + -2 + -1 - -2
3
Evaluate (0 - -4) + (-9 - -2).
-3
What is 